base 10, what is 1101 + 487?
1588
In base 3, what is -100100102 - 11?
-100100120
In base 10, what is 309 - 51?
258
In base 10, what is -238 + -1152?
-1390
In base 5, what is 230 + -20042?
-14312
In base 10, what is 4 - -9971?
9975
In base 14, what is 3 - -318c?
3191
In base 8, what is -5027 + 146?
-4661
In base 11, what is 4815 + -4?
4811
In base 3, what is 21112211 - 12?
21112122
In base 10, what is 6 + -309688?
-309682
In base 14, what is d - -1c?
2b
In base 16, what is -2d - -1559?
152c
In base 7, what is 255340 - 4?
255333
In base 3, what is -1102 + -201201121?
-201210000
In base 14, what is -85 - -6b6?
631
In base 14, what is -23b02 - 1?
-23b03
In base 15, what is 4 - 44843?
-4483e
In base 8, what is -2 - -126667?
126665
In base 10, what is 32 - 662?
-630
In base 13, what is 4 - -25942?
25946
In base 5, what is -132 - 434014?
-434201
In base 6, what is -1213 + 442?
-331
In base 11, what is 140 + -4845?
-4705
In base 8, what is 0 + -56332?
-56332
In base 14, what is -4bda4 - 7?
-4bdab
In base 12, what is 31 - 33187?
-33156
In base 13, what is 10b9 - -7?
10c3
In base 16, what is 6cc + -9e?
62e
In base 8, what is -460353 + 27?
-460324
In base 2, what is 101010000001011011 + -11?
101010000001011000
In base 8, what is -3713677 + -3?
-3713702
In base 9, what is -256801 + 0?
-256801
In base 12, what is 7b30 - -9?
7b39
In base 16, what is 2eeb8 - 0?
2eeb8
In base 8, what is -13 + 3350?
3335
In base 12, what is -3ab60 + 29?
-3ab33
In base 11, what is -22a9976 - 3?
-22a9979
In base 13, what is -397366 + -3?
-397369
In base 8, what is 24233 + 7?
24242
In base 5, what is -21242 + -301?
-22043
In base 10, what is -20 - 22187?
-22207
In base 4, what is 100 - 1123123?
-1123023
In base 15, what is -371 + -7a?
-3eb
In base 4, what is -112111 - -3332?
-102113
In base 9, what is 465874 - -3?
465877
In base 9, what is 2 - 1001310?
-1001307
In base 5, what is -33 + -4414440?
-4420023
In base 2, what is -1010011001111 + 11000001?
-1010000001110
In base 3, what is 2220202021 - -10?
2220202101
In base 6, what is -3000054 - 2?
-3000100
In base 13, what is 5 + 326a?
3272
In base 3, what is -2200000112 - -1?
-2200000111
In base 10, what is -16 + -844?
-860
In base 2, what is -1000000011001 - -1010?
-1000000001111
In base 15, what is -84 + -12de?
-1373
In base 11, what is -3111 + 2a?
-3092
In base 16, what is 1 - -7e1?
7e2
In base 4, what is -1322130221 - 2?
-1322130223
In base 14, what is 38 - -1a4?
1dc
In base 11, what is -5827 + -14?
-5840
In base 8, what is -6 + 53544?
53536
In base 13, what is 11a + -1?
119
In base 6, what is 3 - 33532100?
-33532053
In base 15, what is -39342 + 0?
-39342
In base 6, what is 11 - -155152?
155203
In base 4, what is 220110 - 12123?
201321
In base 9, what is -47166 - 4?
-47171
In base 10, what is 25 - 7979?
-7954
In base 15, what is 1021 + -128?
de8
In base 10, what is -5 + 260216?
260211
In base 11, what is -10 - 39aa?
-3a0a
In base 5, what is 1200441 + 0?
1200441
In base 14, what is -135 + 7?
-12c
In base 15, what is 5d340 - 1?
5d33e
In base 5, what is -1233431 + 2?
-1233424
In base 9, what is 1 + 210363?
210364
In base 8, what is -74 - -264?
170
In base 11, what is 1 + -17139?
-17138
In base 9, what is 83155 + 1?
83156
In base 8, what is 1656 - 37?
1617
In base 10, what is -6 + -1292603?
-1292609
In base 15, what is -8a + 2e18?
2d7d
In base 9, what is -575 + -3738?
-4424
In base 6, what is -5 - -4114455?
4114450
In base 11, what is -129570 - -3?
-129568
In base 3, what is 102121121120210 + 2?
102121121120212
In base 15, what is 2a - -6a5?
6d0
In base 10, what is 13 + 95718?
95731
In base 12, what is 239 - -1094?
1311
In base 11, what is -50 - -185?
135
In base 7, what is 63015 + -41?
62644
In base 8, what is -25762 + 11?
-25751
In base 4, what is 331031 + 100013?
1031110
In base 4, what is -23300 - 1012?
-30312
In base 4, what is 232311233 - -1?
232311300
In base 5, what is 32 - 13040?
-13003
In base 7, what is 161 + 1623?
2114
In base 7, what is -323 - 62462?
-63115
In base 7, what is -2254 - 231?
-2515
In base 7, what is 213421 + -5?
213413
In base 8, what is 365356 + -1?
365355
In base 13, what is -24 + 38083?
3805c
In base 10, what is -4542 + 17?
-4525
In base 4, what is 121 - 111113?
-110332
In base 3, what is 2212 + 2220?
12202
In base 5, what is -31410241 + 2?
-31410234
In base 15, what is -21a + -84?
-29e
In base 7, what is 24 - -334?
361
In base 4, what is -13232230 + 2?
-13232222
In base 8, what is -100 + -53101?
-53201
In base 8, what is 102445 - -5?
102452
In base 12, what is 1 - 4b4b?
-4b4a
In base 8, what is 2422 + -125?
2275
In base 7, what is -4 - -162200?
162163
In base 16, what is 0 - 231e9?
-231e9
In base 9, what is 16585 + -2?
16583
In base 6, what is -4 - -155242?
155234
In base 11, what is 0 + 4831?
4831
In base 3, what is 0 - -20010020?
20010020
In base 13, what is 18 + -40c02?
-40bb7
In base 3, what is -12 + -2021021222?
-2021022011
In base 8, what is 6402513 - 4?
6402507
In base 13, what is -55965 + 8?
-5595a
In base 8, what is -2 + 65232?
65230
In base 13, what is -5 - -9718?
9713
In base 9, what is 42 + 52725?
52767
In base 3, what is -201121121 + 120?
-201121001
In base 3, what is 22011021022 - 1?
22011021021
In base 6, what is 435 - -1052?
1531
In base 10, what is -542 - 155?
-697
In base 5, what is 4 - 2333323?
-2333314
In base 3, what is -1212210 - 10?
-1212220
In base 16, what is -17250 - 2?
-17252
In base 8, what is 10023 + 41?
10064
In base 12, what is 3 + -55a0?
-5599
In base 13, what is -64 - -1241?
11aa
In base 8, what is 2147 + -4231?
-2062
In base 12, what is 33 + -359?
-326
In base 15, what is -14558 + 2b?
-1452c
In base 15, what is 5ee - 7?
5e7
In base 10, what is 7 + -103240?
-103233
In base 4, what is 22003211122 - -2?
22003211130
In base 15, what is -2 - 1aac01?
-1aac03
In base 8, what is -16 + -6563?
-6601
In base 11, what is -5 - -2085?
2080
In base 8, what is 102 + 7455?
7557
In base 8, what is -4 + 71752?
71746
In base 2, what is -110000101 + 1100001000?
110000011
In base 7, what is 1 + -3345314?
-3345313
In base 5, what is 3 + 14201221?
14201224
In base 8, what is 6352 - 43?
6307
In base 9, what is -16385 + -3?
-16388
In base 9, what is -720873 + 5?
-720867
In base 3, what is -102001202 - 110012?
-102111221
In base 10, what is -234 + -45?
-279
In base 2, what is 0 + 1001110011011000?
1001110011011000
In base 10, what is 2 + 16949?
16951
In base 16, what is 6a7f3 + -2?
6a7f1
In base 3, what is 22 - 1212010100?
-1212010001
In base 7, what is 2 + -444311?
-444306
In base 10, what is 51 - -123?
174
In base 14, what is 5 - 22538?
-22533
In base 4, what is 1023212 - 23?
1023123
In base 16, what is 1b250 + -3?
1b24d
In base 16, what is 73 + -1ce?
-15b
In base 2, what is -11 - -1101111011010110?
1101111011010011
In base 13, what is 175b5 + -6?
175ac
In base 16, what is -2 - -49c4?
49c2
In base 12, what is -124b89 - 1?
-124b8a
In base 14, what is -17 + bb7?
ba0
In base 6, what is 4 - -53005?
53013
In base 14, what is 1877 - 13?
1864
In base 13, what is -9b7 + 7?
-9b0
In base 10, what is 40881 + -5?
40876
In base 6, what is 10335 - 1525?
4410
In base 6, what is -5 - 555152?
-555201
In base 14, what is 1 + -4768?
-4767
In base 3, what is -12 + -211000202210?
-211000202222
In base 13, what is -15 + 3164?
314c
In base 12, what is 20a14 - -29?
20a41
In base 5, what is 3241430 + -4?
3241421
In base 6, what is -3400 + 3535?
135
In base 16, what is -1ef + -272?
-461
In base 4, what is -2031321 - 3?
-2031330
In base 10, what is 25 - 657?
-632
In base 4, what is -2232023 + 132?
-2231231
In base 10, what is 308 - 9248?
-8940
In base 10, what is 6 - 15746?
-15740
In base 8, what is -2374 - -6?
-2366
In base 15, what is -1456 - 8?
-145e
In base 15, what is 8 + 2c76?
2c7e
In base 3, what is 11100 - 210022200?
-210011100
In base 7, what is -120 + -64021?
-64141
In base 12, what is 15646 + 15?
1565b
In base 7, what is 3065006 + 22?
3065031
In base 14, what is 230 + -b?
223
In base 7, what is -4031103 + -3?
-4031106
In base 9, what is -544885 - 4?
-545000
In base 12, what is -58 + 1946?
18aa
In base 8, what is -2322 - 32?
-2354
In base 5, what is 0 - 2010304?
-2010304
In base 13, what is a0 + -23b?
-16b
In base 6, what is 3 - 30222201?
-30222154
In base 3, what is -11100012010 + -11?
-11100012021
In ba